{"id":102,"date":"2021-12-03T10:38:58","date_gmt":"2021-12-03T09:38:58","guid":{"rendered":"http:\/\/parafiacelestynow.pl\/www\/?page_id=102"},"modified":"2025-08-29T19:06:05","modified_gmt":"2025-08-29T17:06:05","slug":"kaplani","status":"publish","type":"page","link":"https:\/\/parafiacelestynow.pl\/?page_id=102","title":{"rendered":"Kap\u0142ani"},"content":{"rendered":"<h2 style=\"text-align: center;\">Kap\u0142ani<\/h2>\r\n\r\n<p><strong>Obecnie:<\/strong><br \/>Proboszcz \u2013 ks. Miros\u0142aw Wasiak, od 29.08.2010<br \/>Wikariusz &#8211; ks. Piotr Talarek, od 26.08.2025<\/p>\r\n<p>Pomoc duszpasterska \u2013 ks. Jan Balicki, od 01.01.2025<\/p>\r\n\r\n\r\n\r\n<p><strong>Dawniej:<\/strong><br \/>Proboszczowie:<br \/>\u2020 Ks. Wawrzyniak Stanis\u0142aw Jerzy, 19.06.2006\u200a\u2013\u200a24.06.2010<br \/>\u2020 Ks. Czy\u017cyk Krzysztof, 15.01.2000\u200a\u201319.06.2006<br \/>Ks. Kowara Edward, 20.06.1997\u200a\u201315.01.2000<br \/>\u2020 Ks. Ku\u015bmierczyk Janusz, 14.02.1995\u200a\u2013\u200a06.06.1997<br \/>\u2020 Ks. Borecki Eugeniusz, 26.10.1972\u200a\u201314.02.1995<br \/>\u2020 Ks. P\u0142udowski J\u00f3zef, 20.08.1964\u200a\u2013\u200a26.10.1972<br \/>\u2020 Ks. Dembowski Marian, 17.05.1946\u200a\u201318.10.1966<br \/>\u2020 Ks. Banasiewicz Eugeniusz, 28.06.1935\u200a\u201317.05.1946<br \/>\u2020 Ks. Maciejewski Jan, 03.02.1932\u200a\u2013\u200a28.06.1935<br \/>\u2020 Ks. Sa\u0142aga Anatol, 01.09.1929\u200a\u2013\u200a03.02.1932<\/p>\r\n\r\n\r\n\r\n<p>Wikariuszowie:<\/p>\r\n<p>Ks. Mateusz Proczek, 26.08.2022-25.08.2025<br \/>Ks. W\u0142och Micha\u0142 25.08.2019-25.08.2022<br \/>Ks. Skoczylas Jacek, 01.09.2013\u201318.09.2019<br \/>Ks. Ja\u015bkowski Jacek, 28.08.2011\u2013\u200a01.09.2013<br \/>Ks. Jarz\u0119bski Tomasz, 26.08.2010\u200a\u2013\u200a28.08.2011<br \/>Ks. Szyma\u0144ski Zbigniew, 01.07.2006\u200a\u2013\u200a29.08.2010<br \/>Ks. Turek \u0141ukasz, 28.06.2003\u200a\u2013\u200a01.07.2006<br \/>Ks. Adler Pawe\u0142, 28.06.2003\u200a\u2013\u200a02.09.2003<br \/>Ks. Krasuski Piotr, 27.10.2001\u2013\u200a28.06.2003<br \/>Ks. Skowyra Zbigniew, 28.07.2001\u2013\u200a28.06.2003<br \/>Ks. O\u0142dak Piotr, 30.06.2000\u200a\u2013\u200a28.07.2001<br \/>Ks. Sw\u0119drowski Micha\u0142 Henryk, 01.08.1996\u200a\u2013\u200a26.08.2000<br \/>Ks. Kazimierczuk Tomasz, 22.06.1996\u200a\u2013\u200a30.06.2000<br \/>Ks. St\u0119pie\u0144 Wojciech Robert, 28.06.1996\u200a\u2013\u200a01.08.1996<br \/>Ks. Trzci\u0144ski Pawe\u0142 Stanis\u0142aw, 30.06.1995\u200a\u2013\u200a28.06.1996<br \/>Ks. Banaszek Cezary, 22.06.1994\u200a\u2013\u200a22.06.1995<br \/>Ks. Grzymkiewicz Grzegorz, 19.08.1991\u2013\u200a27.06.1992<br \/>Ks. J\u00f3zefczyk Jan, 22.06.1988\u200a\u201319.08.1991<br \/>Ks. G\u0105siorek Marek, 09.06.1986\u200a\u201315.06.1988<br \/>Ks. Boche\u0144ski Wies\u0142aw Marian, 04.06.1984\u200a\u201316.06.1986<br \/>Ks. Osimowicz Jan, 15.06.1982\u200a\u201313.06.1984<br \/>Ks. Piekut Krzysztof, 25.05.1981\u201315.06.1982<br \/>\u2020 Ks. Andrzejewski Jan, 25.05.1979\u200a\u2013\u200a25.05.1981<br \/>Ks. Piskorski Zenon, 20.05.1978\u200a\u2013\u200a25.05.1979<br \/>Ks. Zdun Wojciech, 20.05.1975\u200a\u2013\u200a20.05.1978<br \/>Ks. Krzysztofik Grzegorz, 05.06.1973\u200a\u2013\u200a20.05.1975<br \/>\u2020 Ks. Nowak W\u0142adys\u0142aw, 01.06.1971\u2013\u200a05.06.1973<br \/>\u2020 Ks. Foks Stanis\u0142aw, 10.06.1970\u200a\u2013\u200a01.06.1971<br \/>Ks. Wo\u017anicki Lech, 02.06.1969\u200a\u201310.06.1970<br \/>Ks. Olejarz Julian, 10.06.1968\u200a\u2013\u200a02.06.1969<br \/>Ks. Kr\u00f3l Tomasz, 13.08.1966\u200a\u201310.06.1968<br \/>\u2020 Ks. P\u0142udowski J\u00f3zef, 20.08.1964\u200a\u201318.10.1966<br \/>Ks. Misa Pawe\u0142 FDP, 10.08.1963\u200a\u2013\u200a01.08.1964<br \/>Ks. Borowiec Jan FDP, 31.08.1962\u200a\u201310.08.1963<br \/>Ks. Kawa\u0142ko Jan FDP, 20.08.1961\u2013\u200a31.08.1962<br \/>Ks. Szczypi\u0144ski Henryk, 20.06.1960\u200a\u201319.06.1961<br \/>Ks. Sikorowski Jerzy, 03.08.1959\u200a\u2013\u200a20.06.1960<\/p>\r\n\r\n\r\n\r\n<p>Rezydenci:<br \/>Ks. Eugeniusz Jankowski, 26.08.2016-31.08.2020<br \/>Ks. Wnuk Andrzej, 01.09.2012\u200a\u201310.08.2016<br \/>Ks. Gosik Mariusz Andrzej, 01.12.2010\u200a\u2013\u200a01.12.2011<\/p>\r\n\r\n\r\n\r\n<p>Pomagaj\u0105cy duszpastersko:<br \/>Ks. Eugeniusz Jankowski, 1.09.2020-05.04.2021<br \/>\u2020 Ks. Lucjan Musielak, 10.2017-13.10.2019<br \/>\u2020 Ks. Gerard Jarecki, 09.2006\u201321.07.2017<\/p>\r\n","protected":false},"excerpt":{"rendered":"<p>Kap\u0142ani Obecnie:Proboszcz \u2013 ks. Miros\u0142aw Wasiak, od 29.08.2010Wikariusz &#8211; ks. Piotr Talarek, od 26.08.2025 Pomoc duszpasterska \u2013 ks. Jan Balicki, od 01.01.2025 Dawniej:Proboszczowie:\u2020 Ks. Wawrzyniak Stanis\u0142aw Jerzy, 19.06.2006\u200a\u2013\u200a24.06.2010\u2020 Ks. Czy\u017cyk Krzysztof, 15.01.2000\u200a\u201319.06.2006Ks. Kowara Edward, 20.06.1997\u200a\u201315.01.2000\u2020 Ks. Ku\u015bmierczyk Janusz, 14.02.1995\u200a\u2013\u200a06.06.1997\u2020 Ks. Borecki Eugeniusz, 26.10.1972\u200a\u201314.02.1995\u2020 Ks. P\u0142udowski J\u00f3zef, 20.08.1964\u200a\u2013\u200a26.10.1972\u2020 Ks. Dembowski Marian, 17.05.1946\u200a\u201318.10.1966\u2020 Ks. Banasiewicz Eugeniusz, 28.06.1935\u200a\u201317.05.1946\u2020 [&hellip;]<\/p>\n","protected":false},"author":2,"featured_media":0,"parent":0,"menu_order":0,"comment_status":"closed","ping_status":"closed","template":"","meta":{"_expiration-date-status":"","_expiration-date":0,"_expiration-date-type":"","_expiration-date-categories":[],"_expiration-date-options":[],"footnotes":""},"class_list":["post-102","page","type-page","status-publish","hentry"],"_links":{"self":[{"href":"https:\/\/parafiacelestynow.pl\/index.php?rest_route=\/wp\/v2\/pages\/102","targetHints":{"allow":["GET"]}}],"collection":[{"href":"https:\/\/parafiacelestynow.pl\/index.php?rest_route=\/wp\/v2\/pages"}],"about":[{"href":"https:\/\/parafiacelestynow.pl\/index.php?rest_route=\/wp\/v2\/types\/page"}],"author":[{"embeddable":true,"href":"https:\/\/parafiacelestynow.pl\/index.php?rest_route=\/wp\/v2\/users\/2"}],"replies":[{"embeddable":true,"href":"https:\/\/parafiacelestynow.pl\/index.php?rest_route=%2Fwp%2Fv2%2Fcomments&post=102"}],"version-history":[{"count":11,"href":"https:\/\/parafiacelestynow.pl\/index.php?rest_route=\/wp\/v2\/pages\/102\/revisions"}],"predecessor-version":[{"id":2117,"href":"https:\/\/parafiacelestynow.pl\/index.php?rest_route=\/wp\/v2\/pages\/102\/revisions\/2117"}],"wp:attachment":[{"href":"https:\/\/parafiacelestynow.pl\/index.php?rest_route=%2Fwp%2Fv2%2Fmedia&parent=102"}],"curies":[{"name":"wp","href":"https:\/\/api.w.org\/{rel}","templated":true}]}}