{"id":119,"date":"2021-12-03T10:45:15","date_gmt":"2021-12-03T09:45:15","guid":{"rendered":"http:\/\/parafiacelestynow.pl\/www\/?page_id=119"},"modified":"2026-05-03T09:17:15","modified_gmt":"2026-05-03T07:17:15","slug":"chor-caelestis","status":"publish","type":"page","link":"https:\/\/parafiacelestynow.pl\/?page_id=119","title":{"rendered":"Ch\u00f3r Caelestis"},"content":{"rendered":"<h2 style=\"text-align: center;\">Ch\u00f3r Caelestis<\/h2>\r\n<p style=\"text-align: center;\">SZCZ\u0118\u015a\u0106 BO\u017bE<\/p>\r\n<p>Ko\u015bcielny ch\u00f3r parafialny CAELESTIS istnieje w celestynowskiej Wsp\u00f3lnocie od 6 wrze\u015bnia 2012 r. Jest to ch\u00f3r mieszany, czterog\u0142osowy, licz\u0105cy obecnie 24 osoby. Jego cz\u0142onkowie, reprezentuj\u0105cy\u00a0 trzy pokolenia, to osoby prowadz\u0105ce \u017cycie sakramentalne, odznaczaj\u0105ce si\u0119 wysok\u0105 kultur\u0105 \u015bpiewu i znajomo\u015bci\u0105 liturgii. Niekt\u00f3rzy ch\u00f3rzy\u015bci posiadaj\u0105 do\u015bwiadczenie pracy w innych zespo\u0142ach\u00a0 wokalnych.<\/p>\r\n<p>Spotykamy si\u0119 na pr\u00f3bach, jeden raz w tygodniu (\u015brody, godz. 19.00) w sali \u015bw. Cecylii, w podw\u00f3rzu celestynowskiej plebanii. Pr\u00f3ba trwa 2 godziny. Ka\u017cde spotkanie rozpoczyna Proboszcz naszej Parafii, ks. Miros\u0142aw Wasiak kr\u00f3tk\u0105 modlitw\u0105 i b\u0142ogos\u0142awie\u0144stwem ch\u00f3rzyst\u00f3w dla umiej\u0119tnego i nale\u017cytego pos\u0142ugiwania Ko\u015bcio\u0142owi.<\/p>\r\n<p><br \/>Poprzez \u015bpiew, staramy si\u0119 ubogaca\u0107 liturgi\u0119 w celestynowskiej \u015bwi\u0105tyni podczas najwi\u0119kszych uroczysto\u015bci i \u015bwi\u0105t ko\u015bcielnych, a tak\u017ce w niedziele, w ci\u0105gu roku i wybranych nabo\u017ce\u0144stwach. Pragniemy swoim zaanga\u017cowaniem i modlitw\u0105 wielbi\u0107 Boga, Maryj\u0119 oraz \u015awi\u0119tych Pa\u0144skich. Tym samym pr\u00f3bujemy pomaga\u0107 w lepszym, bogatszym prze\u017cywaniu Eucharystii wszystkim, kt\u00f3rzy przychodz\u0105 do naszej \u015bwi\u0105tyni, aby si\u0119 modli\u0107.<\/p>\r\n<p><br \/>Mamy w repertuarze 150 \u015bpiew\u00f3w muzyki sakralnej, g\u0142\u00f3wnie a\u2019capella, na wszystkie okresy roku ko\u015bcielnego, w tym:<br \/>&#8211; \u015bpiewy gregoria\u0144skie;<br \/>&#8211; pie\u015bni liturgiczne (3 i 4 g\u0142osowe);<br \/>&#8211; litanie;<br \/>&#8211; aklamacje;<br \/>&#8211; ostinata;<br \/>&#8211; akatysty;<\/p>\r\n<audio class=\"wp-audio-shortcode\" id=\"audio-119-1\" preload=\"none\" style=\"width: 100%;\" controls=\"controls\"><source type=\"audio\/mpeg\" src=\"http:\/\/parafiacelestynow.pl\/wp-content\/uploads\/2026\/05\/Chrzescijanie-klaszcie-w-dlonie.mp3?_=1\" \/><a href=\"http:\/\/parafiacelestynow.pl\/wp-content\/uploads\/2026\/05\/Chrzescijanie-klaszcie-w-dlonie.mp3\">http:\/\/parafiacelestynow.pl\/wp-content\/uploads\/2026\/05\/Chrzescijanie-klaszcie-w-dlonie.mp3<\/a><\/audio>\r\n<p><br \/>Pie\u015bni liturgiczne, czasem bardzo proste, posiadaj\u0105 swoist\u0105 g\u0142\u0119bi\u0119, kt\u00f3r\u0105 staramy si\u0119 oddawa\u0107, mimo naszych ogranicze\u0144. Pragniemy, aby w jej zanurzeniu, cz\u0142owiek m\u00f3g\u0142 odnale\u017a\u0107 swoj\u0105 to\u017csamo\u015b\u0107 i zacie\u015bni\u0107 wi\u0119\u017a z Bogiem. \u015apiew utwor\u00f3w sakralnych pozwala nam tak\u017ce pomna\u017ca\u0107 swoje talenty, daj\u0105c przy tym wiele satysfakcji i rado\u015bci.<\/p>\r\n<p>Ch\u00f3r CAELESTIS zaprasza wszystkich, kt\u00f3rzy ceni\u0105 muzyk\u0119 liturgiczn\u0105 oraz posiadaj\u0105<br \/>s\u0142uch muzyczny, do wsp\u00f3\u0142tworzenia naszego zespo\u0142u.<\/p>\r\n<p>W imieniu Ks. Proboszcza, wszystkich ch\u00f3rzyst\u00f3w oraz w\u0142asnym serdecznie zapraszam.<\/p>\r\n<p style=\"text-align: right;\">S\u0142awomir W\u0105sowski<\/p>\r\n<p style=\"text-align: right;\">&#8211; organista<br \/>tel. kom.: 605 091 234<br \/>e-mail: swasowski@op.pl<\/p>\r\n","protected":false},"excerpt":{"rendered":"<p>Ch\u00f3r Caelestis SZCZ\u0118\u015a\u0106 BO\u017bE Ko\u015bcielny ch\u00f3r parafialny CAELESTIS istnieje w celestynowskiej Wsp\u00f3lnocie od 6 wrze\u015bnia 2012 r. Jest to ch\u00f3r mieszany, czterog\u0142osowy, licz\u0105cy obecnie 24 osoby. Jego cz\u0142onkowie, reprezentuj\u0105cy\u00a0 trzy pokolenia, to osoby prowadz\u0105ce \u017cycie sakramentalne, odznaczaj\u0105ce si\u0119 wysok\u0105 kultur\u0105 \u015bpiewu i znajomo\u015bci\u0105 liturgii. Niekt\u00f3rzy ch\u00f3rzy\u015bci posiadaj\u0105 do\u015bwiadczenie pracy w innych zespo\u0142ach\u00a0 wokalnych. Spotykamy si\u0119 [&hellip;]<\/p>\n","protected":false},"author":2,"featured_media":0,"parent":0,"menu_order":0,"comment_status":"closed","ping_status":"closed","template":"","meta":{"_expiration-date-status":"","_expiration-date":0,"_expiration-date-type":"","_expiration-date-categories":[],"_expiration-date-options":[],"footnotes":""},"class_list":["post-119","page","type-page","status-publish","hentry"],"_links":{"self":[{"href":"https:\/\/parafiacelestynow.pl\/index.php?rest_route=\/wp\/v2\/pages\/119","targetHints":{"allow":["GET"]}}],"collection":[{"href":"https:\/\/parafiacelestynow.pl\/index.php?rest_route=\/wp\/v2\/pages"}],"about":[{"href":"https:\/\/parafiacelestynow.pl\/index.php?rest_route=\/wp\/v2\/types\/page"}],"author":[{"embeddable":true,"href":"https:\/\/parafiacelestynow.pl\/index.php?rest_route=\/wp\/v2\/users\/2"}],"replies":[{"embeddable":true,"href":"https:\/\/parafiacelestynow.pl\/index.php?rest_route=%2Fwp%2Fv2%2Fcomments&post=119"}],"version-history":[{"count":19,"href":"https:\/\/parafiacelestynow.pl\/index.php?rest_route=\/wp\/v2\/pages\/119\/revisions"}],"predecessor-version":[{"id":2378,"href":"https:\/\/parafiacelestynow.pl\/index.php?rest_route=\/wp\/v2\/pages\/119\/revisions\/2378"}],"wp:attachment":[{"href":"https:\/\/parafiacelestynow.pl\/index.php?rest_route=%2Fwp%2Fv2%2Fmedia&parent=119"}],"curies":[{"name":"wp","href":"https:\/\/api.w.org\/{rel}","templated":true}]}}