{"id":123,"date":"2021-12-03T10:45:15","date_gmt":"2021-12-03T09:45:15","guid":{"rendered":"http:\/\/parafiacelestynow.pl\/www\/?page_id=123"},"modified":"2022-02-23T22:03:30","modified_gmt":"2022-02-23T21:03:30","slug":"katolicka-odnowa-w-duchu-swietym","status":"publish","type":"page","link":"https:\/\/parafiacelestynow.pl\/?page_id=123","title":{"rendered":"Katolicka Odnowa w Duchu \u015awi\u0119tym"},"content":{"rendered":"<h2 style=\"text-align:center\">Katolicka Odnowa w Duchu \u015awi\u0119tym<\/h2>\r\n\r\n\r\n<p><a href=\"http:\/\/www.youtube.com\/watch?v=zkQ8Y2t6C78\">Historia Odnowy -&gt;kliknij<\/a><\/p>\r\n\r\n\r\n\r\n<p>Naszym celem jest:<\/p>\r\n\r\n\r\n\r\n<p><strong>1. Zach\u0119canie do dojrza\u0142ego i nieustannego nawracania si\u0119 ku Jezusowi Chrystusowi, naszemu Panu i Zbawicielowi.<\/strong><\/p>\r\n\r\n\r\n\r\n<p><strong>2. Zach\u0119canie do zdecydowanego osobistego przyj\u0119cia Osoby Ducha \u015awi\u0119tego, Jego obecno\u015bci i mocy. Te dwie \u0142aski duchowe cz\u0119sto przychodz\u0105 \u0142\u0105cznie w do\u015bwiadczeniu, zwanym w r\u00f3\u017cnych cz\u0119\u015bciach \u015bwiata \u201echrztem w Duchu \u015awi\u0119tym\u201d lub \u201ewylaniem Ducha \u015awi\u0119tego\u201d, lub \u201eodnowieniem w Duchu \u015awi\u0119tym\u201d. Rozumiane s\u0105 najcz\u0119\u015bciej jako osobiste przyj\u0119cie \u0142aski chrze\u015bcija\u0144skiej inicjacji i umocnienie w chrze\u015bcija\u0144skiej s\u0142u\u017cbie dla Ko\u015bcio\u0142a i \u015bwiata.<\/strong><\/p>\r\n\r\n\r\n\r\n<p><strong>3. Popieranie przyj\u0119cia i pos\u0142ugiwania si\u0119 darami duchowymi (charyzmatami), nie tylko w Odnowie Charyzmatycznej, lecz szerzej \u2013 w Ko\u015bciele. Te dary, zwyczajne i nadzwyczajne, ujawniaj\u0105 si\u0119 obficie w\u015br\u00f3d \u015bwieckich, zakonnik\u00f3w i duchowie\u0144stwa. Ich poprawne rozumienie i u\u017cywanie zharmonizowane z innymi elementami \u017cycia Ko\u015bcio\u0142a jest \u017ar\u00f3d\u0142em mocy dla chrze\u015bcijan w ich drodze ku \u015bwi\u0119to\u015bci i w pe\u0142nieniu ich misji.<\/strong><\/p>\r\n\r\n\r\n\r\n<p><strong>4. Popieranie dzie\u0142a ewangelizacji w mocy Ducha \u015awi\u0119tego (\u2026) Odnowa szczeg\u00f3lnie anga\u017cuje si\u0119 w misj\u0119 Ko\u015bcio\u0142a, g\u0142osz\u0105c Ewangeli\u0119 s\u0142owem i czynem, ukazuj\u0105c Jezusa Chrystusa przez osobiste \u015bwiadectwo oraz te uczynki wiary i sprawiedliwo\u015bci, do kt\u00f3rych jest powo\u0142any ka\u017cdy chrze\u015bcijanin.<\/strong><\/p>\r\n\r\n\r\n\r\n<p><strong>5. Piel\u0119gnowanie sta\u0142ego wzrastania w \u015bwi\u0119to\u015bci przez integracj\u0119 charyzmat\u00f3w z pe\u0142ni\u0105 \u017cycia Ko\u015bcio\u0142a. Odnowa zach\u0119ca do udzia\u0142u w bogatym \u017cyciu sakramentalnym i liturgicznym, do czerpania z tradycji katolickiej modlitwy i duchowo\u015bci, do sta\u0142ej formacji w nauce katolickiej pod kierunkiem Ko\u015bcio\u0142a i do uczestnictwa w wype\u0142nianiu programu duszpasterskiego Ko\u015bcio\u0142a.<\/strong><\/p>\r\n\r\n\r\n\r\n<p><strong><em>Ze Statut\u00f3w Mi\u0119dzynarodowych S\u0142u\u017cb Katolickiej Odnowy Charyzmatycznej<\/em><\/strong><\/p>\r\n\r\n\r\n\r\n<p>Wsp\u00f3lnota &#8222;Droga do Emaus&#8221; spotyka si\u0119 w ka\u017cd\u0105 \u015brod\u0119 o godz. 20 w Oratorium Siostry Faustyny. Na naszych spotkaniach modlimy si\u0119 modlitw\u0105 uwielbienia oraz pie\u015bni\u0105. Centralnym punktem naszych spotka\u0144 jest rozwa\u017canie S\u0142owa Bo\u017cego. Ubogacamy si\u0119 wzajemnie \u015bwiadectwem dzia\u0142ania Boga w naszym \u017cyciu osobistym podczas grupek dzielenia. Obecnie we wsp\u00f3lnocie jest oko\u0142o 30 os\u00f3b w r\u00f3\u017cnym wieku i p\u0142ci, ale wszyscy m\u0142odzi duchem. Liderk\u0105 wsp\u00f3lnoty jest Renata B\u0105truk, opiekunem duchowym ks. Proboszcz Miros\u0142aw Wasiak. Nasz Pan zes\u0142a\u0142 nam wiele \u0142ask i dar\u00f3w staramy si\u0119 na nie odpowiedzie\u0107 w modlitwie i w czynach. W ka\u017cdy pierwszy czwartek miesi\u0105ca pos\u0142ugujemy modlitw\u0105 wstawiennicz\u0105 w naszym Ko\u015bciele parafialnym. Istnieje r\u00f3wnie\u017c mo\u017cliwo\u015b\u0107 um\u00f3wienia si\u0119 indywidualnie na tak\u0105 modlitw\u0119 pod nr tel. 604 636 139 lub przez kontakt z ks. Proboszczem. Praktykujemy tak\u017ce smsy z pro\u015bb\u0105 o modlitw\u0119 w konkretnej intencji, kt\u00f3re rozsy\u0142amy do os\u00f3b b\u0119d\u0105cych w diakoni modlitwy wstawienniczej.\u00a0 Organizujemy r\u00f3wnie\u017c Rekolekcje Ewangelizacyjne Odnowy w Duchu \u015awi\u0119tym w skr\u00f3cie REO, kt\u00f3re s\u0105 czasem chodzenia za Jezusem, osobistego spotkania z Nim &#8211; Bogiem, kt\u00f3ry kocha &#8211; i do\u015bwiadczania Jego mi\u0142o\u015bci. Rekolekcje prowadz\u0105 do przyj\u0119cia Jezusa jako swojego jedynego Pana i Zbawiciela oraz otrzymania od Niego mocy i dar\u00f3w Ducha \u015awi\u0119tego. Poprzez osobiste spotkanie z Jezusem podczas rekolekcji, wielu uczestnik\u00f3w doznaje duchowego oraz fizycznego uzdrowienia, do\u015bwiadcza przemiany \u017cycia, przebaczenia i otwarcia si\u0119 na drugiego cz\u0142owieka. Pos\u0142ugujemy modlitw\u0105 o wylanie Dar\u00f3w Ducha \u015awi\u0119tego tak\u017ce poza parafi\u0105.<br>W ka\u017cdy drugi poniedzia\u0142ek miesi\u0105ca zapraszamy na Msz\u0119 \u015awi\u0119t\u0105 wszystkich wsp\u00f3lnot naszej parafii w intencji dzieci z R\u00f3\u017c R\u00f3\u017ca\u0144cowych, na kt\u00f3rej pos\u0142ugujemy \u015bpiewem i przygotowaniem komentarzy.\u00a0 Dbamy o sta\u0142y wzrost w \u015bwi\u0119to\u015bci przez uczestnictwo w rekolekcjach a tak\u017ce w \u017cyciu sakramentalnym i liturgicznym oraz modlitwie wsp\u00f3lnotowej i osobistej jako elementach naszej sta\u0142ej formacji. Na nasze spotkania zapraszamy osoby, kt\u00f3re przyj\u0119\u0142y ju\u017c sakrament bierzmowania, pragn\u0105 pog\u0142\u0119bi\u0107 relacj\u0119 z Bogiem, do\u015bwiadcza\u0107 Jego dzia\u0142ania w swoim \u017cyciu oraz i\u015b\u0107 z Jezusem przez \u017cycie szukaj\u0105c Jego woli w S\u0142owie Bo\u017cym.\u00a0<\/p>\r\n","protected":false},"excerpt":{"rendered":"<p>Katolicka Odnowa w Duchu \u015awi\u0119tym Historia Odnowy -&gt;kliknij Naszym celem jest: 1. Zach\u0119canie do dojrza\u0142ego i nieustannego nawracania si\u0119 ku Jezusowi Chrystusowi, naszemu Panu i Zbawicielowi. 2. Zach\u0119canie do zdecydowanego osobistego przyj\u0119cia Osoby Ducha \u015awi\u0119tego, Jego obecno\u015bci i mocy. Te dwie \u0142aski duchowe cz\u0119sto przychodz\u0105 \u0142\u0105cznie w do\u015bwiadczeniu, zwanym w r\u00f3\u017cnych cz\u0119\u015bciach \u015bwiata \u201echrztem w [&hellip;]<\/p>\n","protected":false},"author":2,"featured_media":0,"parent":0,"menu_order":0,"comment_status":"closed","ping_status":"closed","template":"","meta":{"_expiration-date-status":"","_expiration-date":0,"_expiration-date-type":"","_expiration-date-categories":[],"_expiration-date-options":[],"footnotes":""},"class_list":["post-123","page","type-page","status-publish","hentry"],"_links":{"self":[{"href":"https:\/\/parafiacelestynow.pl\/index.php?rest_route=\/wp\/v2\/pages\/123","targetHints":{"allow":["GET"]}}],"collection":[{"href":"https:\/\/parafiacelestynow.pl\/index.php?rest_route=\/wp\/v2\/pages"}],"about":[{"href":"https:\/\/parafiacelestynow.pl\/index.php?rest_route=\/wp\/v2\/types\/page"}],"author":[{"embeddable":true,"href":"https:\/\/parafiacelestynow.pl\/index.php?rest_route=\/wp\/v2\/users\/2"}],"replies":[{"embeddable":true,"href":"https:\/\/parafiacelestynow.pl\/index.php?rest_route=%2Fwp%2Fv2%2Fcomments&post=123"}],"version-history":[{"count":6,"href":"https:\/\/parafiacelestynow.pl\/index.php?rest_route=\/wp\/v2\/pages\/123\/revisions"}],"predecessor-version":[{"id":773,"href":"https:\/\/parafiacelestynow.pl\/index.php?rest_route=\/wp\/v2\/pages\/123\/revisions\/773"}],"wp:attachment":[{"href":"https:\/\/parafiacelestynow.pl\/index.php?rest_route=%2Fwp%2Fv2%2Fmedia&parent=123"}],"curies":[{"name":"wp","href":"https:\/\/api.w.org\/{rel}","templated":true}]}}

Katolicka Odnowa w Duchu Świętym

<h2 style="text-align:center">Katolicka Odnowa w Duchu Świętym</h2>


<p><a href="http://www.youtube.com/watch?v=zkQ8Y2t6C78">Historia Odnowy -&gt;kliknij</a></p>



<p>Naszym celem jest:</p>



<p><strong>1. Zachęcanie do dojrzałego i nieustannego nawracania się ku Jezusowi Chrystusowi, naszemu Panu i Zbawicielowi.</strong></p>



<p><strong>2. Zachęcanie do zdecydowanego osobistego przyjęcia Osoby Ducha Świętego, Jego obecności i mocy. Te dwie łaski duchowe często przychodzą łącznie w doświadczeniu, zwanym w różnych częściach świata „chrztem w Duchu Świętym” lub „wylaniem Ducha Świętego”, lub „odnowieniem w Duchu Świętym”. Rozumiane są najczęściej jako osobiste przyjęcie łaski chrześcijańskiej inicjacji i umocnienie w chrześcijańskiej służbie dla Kościoła i świata.</strong></p>



<p><strong>3. Popieranie przyjęcia i posługiwania się darami duchowymi (charyzmatami), nie tylko w Odnowie Charyzmatycznej, lecz szerzej – w Kościele. Te dary, zwyczajne i nadzwyczajne, ujawniają się obficie wśród świeckich, zakonników i duchowieństwa. Ich poprawne rozumienie i używanie zharmonizowane z innymi elementami życia Kościoła jest źródłem mocy dla chrześcijan w ich drodze ku świętości i w pełnieniu ich misji.</strong></p>



<p><strong>4. Popieranie dzieła ewangelizacji w mocy Ducha Świętego (…) Odnowa szczególnie angażuje się w misję Kościoła, głosząc Ewangelię słowem i czynem, ukazując Jezusa Chrystusa przez osobiste świadectwo oraz te uczynki wiary i sprawiedliwości, do których jest powołany każdy chrześcijanin.</strong></p>



<p><strong>5. Pielęgnowanie stałego wzrastania w świętości przez integrację charyzmatów z pełnią życia Kościoła. Odnowa zachęca do udziału w bogatym życiu sakramentalnym i liturgicznym, do czerpania z tradycji katolickiej modlitwy i duchowości, do stałej formacji w nauce katolickiej pod kierunkiem Kościoła i do uczestnictwa w wypełnianiu programu duszpasterskiego Kościoła.</strong></p>



<p><strong><em>Ze Statutów Międzynarodowych Służb Katolickiej Odnowy Charyzmatycznej</em></strong></p>



<p>Wspólnota &#8222;Droga do Emaus&#8221; spotyka się w każdą środę o godz. 20 w Oratorium Siostry Faustyny. Na naszych spotkaniach modlimy się modlitwą uwielbienia oraz pieśnią. Centralnym punktem naszych spotkań jest rozważanie Słowa Bożego. Ubogacamy się wzajemnie świadectwem działania Boga w naszym życiu osobistym podczas grupek dzielenia. Obecnie we wspólnocie jest około 30 osób w różnym wieku i płci, ale wszyscy młodzi duchem. Liderką wspólnoty jest Renata Bątruk, opiekunem duchowym ks. Proboszcz Mirosław Wasiak. Nasz Pan zesłał nam wiele łask i darów staramy się na nie odpowiedzieć w modlitwie i w czynach. W każdy pierwszy czwartek miesiąca posługujemy modlitwą wstawienniczą w naszym Kościele parafialnym. Istnieje również możliwość umówienia się indywidualnie na taką modlitwę pod nr tel. 604 636 139 lub przez kontakt z ks. Proboszczem. Praktykujemy także smsy z prośbą o modlitwę w konkretnej intencji, które rozsyłamy do osób będących w diakoni modlitwy wstawienniczej.  Organizujemy również Rekolekcje Ewangelizacyjne Odnowy w Duchu Świętym w skrócie REO, które są czasem chodzenia za Jezusem, osobistego spotkania z Nim &#8211; Bogiem, który kocha &#8211; i doświadczania Jego miłości. Rekolekcje prowadzą do przyjęcia Jezusa jako swojego jedynego Pana i Zbawiciela oraz otrzymania od Niego mocy i darów Ducha Świętego. Poprzez osobiste spotkanie z Jezusem podczas rekolekcji, wielu uczestników doznaje duchowego oraz fizycznego uzdrowienia, doświadcza przemiany życia, przebaczenia i otwarcia się na drugiego człowieka. Posługujemy modlitwą o wylanie Darów Ducha Świętego także poza parafią.<br>W każdy drugi poniedziałek miesiąca zapraszamy na Mszę Świętą wszystkich wspólnot naszej parafii w intencji dzieci z Róż Różańcowych, na której posługujemy śpiewem i przygotowaniem komentarzy.  Dbamy o stały wzrost w świętości przez uczestnictwo w rekolekcjach a także w życiu sakramentalnym i liturgicznym oraz modlitwie wspólnotowej i osobistej jako elementach naszej stałej formacji. Na nasze spotkania zapraszamy osoby, które przyjęły już sakrament bierzmowania, pragną pogłębić relację z Bogiem, doświadczać Jego działania w swoim życiu oraz iść z Jezusem przez życie szukając Jego woli w Słowie Bożym. </p>

<p>Katolicka Odnowa w Duchu Świętym Historia Odnowy -&gt;kliknij Naszym celem jest: 1. Zachęcanie do dojrzałego i nieustannego nawracania się ku Jezusowi Chrystusowi, naszemu Panu i Zbawicielowi. 2. Zachęcanie do zdecydowanego osobistego przyjęcia Osoby Ducha Świętego, Jego obecności i mocy. Te dwie łaski duchowe często przychodzą łącznie w doświadczeniu, zwanym w różnych częściach świata „chrztem w [&hellip;]</p>
