{"id":125,"date":"2021-12-03T10:45:15","date_gmt":"2021-12-03T09:45:15","guid":{"rendered":"http:\/\/parafiacelestynow.pl\/www\/?page_id=125"},"modified":"2023-12-06T21:29:20","modified_gmt":"2023-12-06T20:29:20","slug":"ruch-swiatlo-zycie-domowy-kosciol","status":"publish","type":"page","link":"https:\/\/parafiacelestynow.pl\/?page_id=125","title":{"rendered":"Ruch \u015awiat\u0142o \u017bycie &#8211; Domowy Ko\u015bci\u00f3\u0142"},"content":{"rendered":"<p style=\"text-align: center;\"><strong>Wsp\u00f3lnota Domowego Ko\u015bcio\u0142a<\/strong><\/p>\n<p>W naszej Parafii pw. WNMP w Celestynowie jest powo\u0142anych 6 kr\u0119g\u00f3w Domowego Ko\u015bcio\u0142a, pierwszy z nich powsta\u0142 w 2011 roku.<\/p>\n<p>Drodzy Ma\u0142\u017conkowie, je\u015bli \u017cyjecie w\u00a0sakramentalnym zwi\u0105zku ma\u0142\u017ce\u0144skim i pragniecie:<\/p>\n<ul>\n<li>pog\u0142\u0119bia\u0107 Wasz\u0105 wiar\u0119 w Jezusa Chrystusa, lepiej poznawa\u0107 i rozumie\u0107 Pismo \u015awi\u0119te;<\/li>\n<li>nauczy\u0107 si\u0119, w jaki spos\u00f3b otwarcie rozmawia\u0107 ze Sob\u0105 o wszystkich, nawet najtrudniejszych sprawach Waszego ma\u0142\u017ce\u0144stwa, Waszej rodziny;<\/li>\n<li>nawi\u0105za\u0107 przyja\u017anie z innymi rodzinami i dzieli\u0107 si\u0119 z nimi swoimi rado\u015bciami i troskami;<\/li>\n<\/ul>\n<p>to\u00a0zapraszamy Was do\u00a0naszej wsp\u00f3lnoty Domowego Ko\u015bcio\u0142a<\/p>\n<p>Kontakt:<br \/>\nks. Miros\u0142aw Wasiak \u2013 proboszcz parafii w Celestynowie<br \/>\nKarolina i Augustyn W\u00f3jcikowie \u2013 para odpowiedzialna w rejonie Otwock-Kresy \u2013 mail:dk.otwock.kresy@gmail.com<\/p>\n<p style=\"text-align: center;\"><strong>Czym jest Domowy Ko\u015bci\u00f3\u0142?<\/strong><\/p>\n<p>Domowy Ko\u015bci\u00f3\u0142 jest ma\u0142\u017ce\u0144skim ruchem katolickim, dzia\u0142aj\u0105cym w ramach Ruchu \u015awiat\u0142o-\u017bycie. Ruch \u015awiat\u0142o \u2013 \u017bycie zosta\u0142 za\u0142o\u017cony przez Ks. Franciszka Blachnickiego, po soborze\u00a0 watyka\u0144skim II jako ruch odnowy \u017cywego Ko\u015bcio\u0142a. Zar\u00f3wno Ruch \u015awiat\u0142o \u2013 \u017bycie, jak i sam Domowy Ko\u015bci\u00f3\u0142 s\u0105 ruchami dzia\u0142aj\u0105cymi w jedno\u015bci z parafi\u0105 \u2013 lokaln\u0105 struktur\u0105 Ko\u015bcio\u0142a przy jednoczesnej wymianie duchowych do\u015bwiadcze\u0144 z innymi wsp\u00f3lnotami formuj\u0105cymi si\u0119 w ten sam spos\u00f3b w innych parafiach w ca\u0142ej Polsce oraz w kilku innych krajach.<\/p>\n<p style=\"text-align: center;\"><strong>Czym si\u0119 wyr\u00f3\u017cnia duchowo\u015b\u0107 naszego ruchu?<\/strong><\/p>\n<p>Domowy Ko\u015bci\u00f3\u0142 zwraca szczeg\u00f3ln\u0105 uwag\u0119 na duchowo\u015b\u0107 ma\u0142\u017ce\u0144sk\u0105. Jest ona rozumiana jako jedno\u015b\u0107 ma\u0142\u017conk\u00f3w z Jezusem oraz ich jedno\u015b\u0107 wzajemna w nim. Jezus jest spoiwem i fundamentem ma\u0142\u017ce\u0144stwa. Jemu ma\u0142\u017conkowie oddaj\u0105 kierownictwo swojego \u017cycia, swojego ma\u0142\u017ce\u0144stwa i swojej rodziny.<\/p>\n<p>Domowy Ko\u015bci\u00f3\u0142 czerpie sw\u00f3j program dzia\u0142ania z do\u015bwiadcze\u0144 Ruchu \u015awiat\u0142o \u2013 \u017bycie oraz wielu innych ruch\u00f3w nakierowanych na budowanie rodziny jako najmniejszej kom\u00f3rki Ko\u015bcio\u0142a, w tym z do\u015bwiadcze\u0144 stworzonego we Francji ruchu ma\u0142\u017ce\u0144skiego END. Poprzez szereg praktycznych narz\u0119dzi pomaga ma\u0142\u017conkom we wzro\u015bcie ich relacji ze sob\u0105, w wychowaniu dzieci do dojrza\u0142ej wiary oraz do jedno\u015bci z Ko\u015bcio\u0142em i odpowiedzialno\u015bci za jego rozw\u00f3j. Czerpie w tym zakresie inspiracj\u0119 z \u017cycia \u015awi\u0119tej Rodziny, a zw\u0142aszcza Maryi \u2013 Niepokalanej Matki Ko\u015bcio\u0142a, kt\u00f3ra jest patronk\u0105\u00a0 Ruchu \u015awiat\u0142o \u2013 \u017bycie. Duchowo\u015b\u0107 Domowego Ko\u015bcio\u0142a jako \u017cywego organizmu wci\u0105\u017c si\u0119 rozwija dostosowuj\u0105c si\u0119 do wyzwa\u0144 nowych czas\u00f3w i stawiaj\u0105cych przed nimi kolejnych pokole\u0144 ma\u0142\u017conk\u00f3w.<\/p>\n<p style=\"text-align: center;\"><strong>Jak wygl\u0105da spotkanie kr\u0119gu?<\/strong><\/p>\n<p>Uwie\u0144czeniem codziennej pracy duchowej w ramach domu-rodziny jest comiesi\u0119czne spotkanie kr\u0119gu. Odbywa si\u0119 ono w domu jednej par z kr\u0119gu. Spotkanie takie trwa ok 3 godzin i sk\u0142ada si\u0119 z 3 cz\u0119\u015bci: dzielenia \u017cyciem przy wsp\u00f3lnym pocz\u0119stunku, cz\u0119\u015bci modlitewnej i cz\u0119\u015bci formacyjnej. Natomiast uwie\u0144czeniem pracy cz\u0142onk\u00f3w wsp\u00f3lnoty w ca\u0142ym roku formacyjnym s\u0105 rekolekcje<br \/>\nwakacyjne. Zgodnie z charyzmatem Domowego Ko\u015bcio\u0142a darami (zobowi\u0105zaniami, przywilejami) jakie u\u0142atwiaj\u0105 ma\u0142\u017conkom duchowy wzrost s\u0105:<br \/>\n\u2013 codzienna modlitwa osobista,<br \/>\n\u2013 regularne studiowanie Pisma \u015awi\u0119tego,<br \/>\n\u2013 codzienna modlitwa ma\u0142\u017ce\u0144ska,<br \/>\n\u2013 codzienna modlitwa rodzinna,<br \/>\n\u2013 comiesi\u0119czny dialog ma\u0142\u017ce\u0144ski,<br \/>\n\u2013 regu\u0142a \u017cycia (systematyczna praca nad sob\u0105),<br \/>\n\u2013 uczestnictwo, przynajmniej raz w roku, w rekolekcjach formacyjnych<\/p>\n<p>Nie s\u0105 one celem samym w sobie, ale \u015brodkiem do celu. Ich realizowanie odbywa si\u0119 w ma\u0142\u017ce\u0144stwie poprzez codzienny wsp\u00f3lny wysi\u0142ek ma\u0142\u017conk\u00f3w, podejmuj\u0105cych i realizuj\u0105cych poszczeg\u00f3lne zobowi\u0105zania oraz poprzez wzajemn\u0105 pomoc ma\u0142\u017ce\u0144stw w kr\u0119gu w d\u0105\u017ceniu do Chrystusa (idea ma\u0142ej grupy jako \u015brodowiska koniecznego do wzrostu wiary).<\/p>\n<p style=\"text-align: center;\"><strong>Co jeszcze warto wiedzie\u0107?<\/strong><\/p>\n<p>Opr\u00f3cz spotka\u0144 miesi\u0119cznych kr\u0119gu jego uczestnicy spotykaj\u0105 si\u0119 towarzysko. Praca w kr\u0119gu jest pog\u0142\u0119biana w czasie wakacji poprzez udzia\u0142 w rekolekcjach oraz przez uczestnictwo w dniach wsp\u00f3lnoty. Pozwalaj\u0105 one na spotkanie si\u0119 z cz\u0142onkami innych kr\u0119g\u00f3w i wsp\u00f3lnot Ruchu \u015awiat\u0142o \u2013 \u017bycie i do\u015bwiadczenie poczucia jedno\u015bci z Ko\u015bcio\u0142em w szerszym wymiarze.<\/p>\n<p style=\"text-align: center;\"><strong>Gdzie szuka\u0107 wi\u0119cej informacji?<\/strong><\/p>\n<p>Wi\u0119cej informacji na temat Domowego Ko\u015bcio\u0142a mo\u017cna znale\u017a\u0107 na stronie\u00a0<a href=\"http:\/\/www.oaza.praga.pl\">www.oaza.praga.pl<\/a><\/p>\n","protected":false},"excerpt":{"rendered":"<p>Wsp\u00f3lnota Domowego Ko\u015bcio\u0142a W naszej Parafii pw. WNMP w Celestynowie jest powo\u0142anych 6 kr\u0119g\u00f3w Domowego Ko\u015bcio\u0142a, pierwszy z nich powsta\u0142 w 2011 roku. Drodzy Ma\u0142\u017conkowie, je\u015bli \u017cyjecie w\u00a0sakramentalnym zwi\u0105zku ma\u0142\u017ce\u0144skim i pragniecie: pog\u0142\u0119bia\u0107 Wasz\u0105 wiar\u0119 w Jezusa Chrystusa, lepiej poznawa\u0107 i rozumie\u0107 Pismo \u015awi\u0119te; nauczy\u0107 si\u0119, w jaki spos\u00f3b otwarcie rozmawia\u0107 ze Sob\u0105 o wszystkich, [&hellip;]<\/p>\n","protected":false},"author":2,"featured_media":0,"parent":0,"menu_order":0,"comment_status":"closed","ping_status":"closed","template":"","meta":{"_expiration-date-status":"","_expiration-date":0,"_expiration-date-type":"","_expiration-date-categories":[],"_expiration-date-options":[],"footnotes":""},"class_list":["post-125","page","type-page","status-publish","hentry"],"_links":{"self":[{"href":"https:\/\/parafiacelestynow.pl\/index.php?rest_route=\/wp\/v2\/pages\/125","targetHints":{"allow":["GET"]}}],"collection":[{"href":"https:\/\/parafiacelestynow.pl\/index.php?rest_route=\/wp\/v2\/pages"}],"about":[{"href":"https:\/\/parafiacelestynow.pl\/index.php?rest_route=\/wp\/v2\/types\/page"}],"author":[{"embeddable":true,"href":"https:\/\/parafiacelestynow.pl\/index.php?rest_route=\/wp\/v2\/users\/2"}],"replies":[{"embeddable":true,"href":"https:\/\/parafiacelestynow.pl\/index.php?rest_route=%2Fwp%2Fv2%2Fcomments&post=125"}],"version-history":[{"count":8,"href":"https:\/\/parafiacelestynow.pl\/index.php?rest_route=\/wp\/v2\/pages\/125\/revisions"}],"predecessor-version":[{"id":1646,"href":"https:\/\/parafiacelestynow.pl\/index.php?rest_route=\/wp\/v2\/pages\/125\/revisions\/1646"}],"wp:attachment":[{"href":"https:\/\/parafiacelestynow.pl\/index.php?rest_route=%2Fwp%2Fv2%2Fmedia&parent=125"}],"curies":[{"name":"wp","href":"https:\/\/api.w.org\/{rel}","templated":true}]}}