{"id":197,"date":"2021-12-03T22:05:09","date_gmt":"2021-12-03T21:05:09","guid":{"rendered":"http:\/\/parafiacelestynow.pl\/www\/?page_id=197"},"modified":"2024-12-19T08:54:30","modified_gmt":"2024-12-19T07:54:30","slug":"malzenstwo","status":"publish","type":"page","link":"https:\/\/parafiacelestynow.pl\/?page_id=197","title":{"rendered":"Ma\u0142\u017ce\u0144stwo"},"content":{"rendered":"<h2 style=\"text-align: center;\">Ma\u0142\u017ce\u0144stwo<\/h2>\n<p><strong>Wymagane dokumenty do sakramentu ma\u0142\u017ce\u0144stwa<\/strong><\/p>\n<ul>\n<li>Metryka chrztu (wa\u017cna 3 miesi\u0105ce)<\/li>\n<li>Metryka zgonu wsp\u00f3\u0142ma\u0142\u017conka (dotyczy owdowia\u0142ych)<\/li>\n<li>Dow\u00f3d osobisty<\/li>\n<li>Za\u015bwiadczenie o przyj\u0119tym sakramencie bierzmowania (lub odpowiednia adnotacja na metryce chrztu)<\/li>\n<li>Za\u015bwiadczenie o udziale w kursie przedma\u0142\u017ce\u0144skim i rozmowach w Katolickiej Poradni Rodzinnej<\/li>\n<li>Za\u015bwiadczenie o wyg\u0142oszonych zapowiedziach (gdy by\u0142y g\u0142oszone poza nasz\u0105 parafi\u0105)<\/li>\n<li>Za\u015bwiadczenie o odbytych spowiedziach przed\u015blubnych (dostarczamy bezpo\u015brednio przed \u015blubem)<\/li>\n<li>Za\u015bwiadczenie z Urz\u0119du Stanu Cywilnego przy \u015blubie konkordatowym lub akt \u015blubu, je\u015bli wcze\u015bniej zawarto zwi\u0105zek cywilny<\/li>\n<\/ul>\n<p><strong>Kurs przedma\u0142\u017ce\u0144ski<\/strong> w naszej parafii rozpoczynamy w pierwsz\u0105 niedziel\u0119 stycznia w ko\u015bciele o godz. 19.00. Spotkania prowadz\u0105 kap\u0142ani i zaproszeni ma\u0142\u017conkowie. Kurs trwa 10 tygodni. Zapraszamy do zapis\u00f3w pod <a href=\"https:\/\/docs.google.com\/forms\/d\/e\/1FAIpQLSf_oFjWoZtpWfgs9yOBtRaaE-HOH0nn3_7GU9HvGWrjmlmnwg\/viewform?usp=dialog\" target=\"_blank\">linkiem<\/a> <\/p>\n<p><strong>Propozycje czyta\u0144:<\/strong>\u00a0<a href=\"https:\/\/www.biblijni.pl\/czytania_slubne\/\">https:\/\/www.biblijni.pl\/czytania_slubne\/<\/a><\/p>\n","protected":false},"excerpt":{"rendered":"<p>Ma\u0142\u017ce\u0144stwo Wymagane dokumenty do sakramentu ma\u0142\u017ce\u0144stwa Metryka chrztu (wa\u017cna 3 miesi\u0105ce) Metryka zgonu wsp\u00f3\u0142ma\u0142\u017conka (dotyczy owdowia\u0142ych) Dow\u00f3d osobisty Za\u015bwiadczenie o przyj\u0119tym sakramencie bierzmowania (lub odpowiednia adnotacja na metryce chrztu) Za\u015bwiadczenie o udziale w kursie przedma\u0142\u017ce\u0144skim i rozmowach w Katolickiej Poradni Rodzinnej Za\u015bwiadczenie o wyg\u0142oszonych zapowiedziach (gdy by\u0142y g\u0142oszone poza nasz\u0105 parafi\u0105) Za\u015bwiadczenie o odbytych spowiedziach [&hellip;]<\/p>\n","protected":false},"author":2,"featured_media":0,"parent":0,"menu_order":0,"comment_status":"closed","ping_status":"closed","template":"","meta":{"_expiration-date-status":"","_expiration-date":0,"_expiration-date-type":"","_expiration-date-categories":[],"_expiration-date-options":[],"footnotes":""},"class_list":["post-197","page","type-page","status-publish","hentry"],"_links":{"self":[{"href":"https:\/\/parafiacelestynow.pl\/index.php?rest_route=\/wp\/v2\/pages\/197","targetHints":{"allow":["GET"]}}],"collection":[{"href":"https:\/\/parafiacelestynow.pl\/index.php?rest_route=\/wp\/v2\/pages"}],"about":[{"href":"https:\/\/parafiacelestynow.pl\/index.php?rest_route=\/wp\/v2\/types\/page"}],"author":[{"embeddable":true,"href":"https:\/\/parafiacelestynow.pl\/index.php?rest_route=\/wp\/v2\/users\/2"}],"replies":[{"embeddable":true,"href":"https:\/\/parafiacelestynow.pl\/index.php?rest_route=%2Fwp%2Fv2%2Fcomments&post=197"}],"version-history":[{"count":9,"href":"https:\/\/parafiacelestynow.pl\/index.php?rest_route=\/wp\/v2\/pages\/197\/revisions"}],"predecessor-version":[{"id":1914,"href":"https:\/\/parafiacelestynow.pl\/index.php?rest_route=\/wp\/v2\/pages\/197\/revisions\/1914"}],"wp:attachment":[{"href":"https:\/\/parafiacelestynow.pl\/index.php?rest_route=%2Fwp%2Fv2%2Fmedia&parent=197"}],"curies":[{"name":"wp","href":"https:\/\/api.w.org\/{rel}","templated":true}]}}