{"id":220,"date":"2021-12-03T22:43:57","date_gmt":"2021-12-03T21:43:57","guid":{"rendered":"http:\/\/parafiacelestynow.pl\/www\/?page_id=220"},"modified":"2022-02-26T10:01:21","modified_gmt":"2022-02-26T09:01:21","slug":"kola-zywego-rozanca-2","status":"publish","type":"page","link":"https:\/\/parafiacelestynow.pl\/?page_id=220","title":{"rendered":"Ko\u0142a \u017bywego R\u00f3\u017ca\u0144ca"},"content":{"rendered":"<h2 style=\"text-align: center;\"><span style=\"color: #000000;\"><strong>Ko\u0142a \u017bywego R\u00f3\u017ca\u0144ca<\/strong><\/span><\/h2>\n<p style=\"text-align:justify\"><span style=\"color: #000000;\">Ko\u0142a \u017bywego R\u00f3\u017ca\u0144ca to mi\u0119dzynarodowy ruch religijny o charakterze modlitewnym za\u0142o\u017cony w XIX w. przez Pauline-Marie Jaricot. Uczestnictwo w \u017bywym R\u00f3\u017ca\u0144cu polega na przynale\u017cno\u015bci do grupy zwanej R\u00f3\u017c\u0105. Ka\u017cda osoba z R\u00f3\u017cy codziennie przez miesi\u0105c odmawia jedn\u0105 z tajemnic r\u00f3\u017ca\u0144cowych, po\u0142\u0105czon\u0105 z rozwa\u017caniem. Jedna r\u00f3\u017ca liczy 20 os\u00f3b. W ten spos\u00f3b odmawiany jest w R\u00f3\u017cy codziennie ca\u0142y R\u00f3\u017caniec &#8211; dwadzie\u015bcia tajemnic. Jest to jakby wieniec r\u00f3\u017cany sk\u0142adany u st\u00f3p Kr\u00f3lowej. <strong>Spotykamy si\u0119 w ka\u017cd\u0105 pierwsz\u0105 sobot\u0119 miesi\u0105ca w ko\u015bciele o godz. 6:45<\/strong> i rozpoczynamy rozwa\u017caniem kolejnej tajemnicy r\u00f3\u017ca\u0144cowej, po niej jest r\u00f3\u017caniec i Msza \u015bw. w intencji\u00a0 Wynagradzaj\u0105cej Niepokalanemu Sercu Maryi za grzechy nasze i naszych bli\u017anich. Wyj\u0105tek stanowi miesi\u0105c grudzie\u0144 \u2013 modlitwy rozpoczynamy o godz. 17:00, a po nich\u00a0 Msza \u015bw. Podczas Mszy \u015bw. podawane s\u0105 intencje do omodlenia w danym miesi\u0105cu. Tak\u017ce w tym dniu cz\u0142onkowie R\u00f3\u017c wymieniaj\u0105 si\u0119 tajemnicami r\u00f3\u017ca\u0144cowymi. W naszej parafii istnieje 11 K\u00f3\u0142 \u017bywego R\u00f3\u017ca\u0144ca, w tym dziewi\u0119\u0107 \u017ce\u0144skich, jedno m\u0119skie i jedno mieszane.<\/span><\/p>\n","protected":false},"excerpt":{"rendered":"<p>Ko\u0142a \u017bywego R\u00f3\u017ca\u0144ca Ko\u0142a \u017bywego R\u00f3\u017ca\u0144ca to mi\u0119dzynarodowy ruch religijny o charakterze modlitewnym za\u0142o\u017cony w XIX w. przez Pauline-Marie Jaricot. Uczestnictwo w \u017bywym R\u00f3\u017ca\u0144cu polega na przynale\u017cno\u015bci do grupy zwanej R\u00f3\u017c\u0105. Ka\u017cda osoba z R\u00f3\u017cy codziennie przez miesi\u0105c odmawia jedn\u0105 z tajemnic r\u00f3\u017ca\u0144cowych, po\u0142\u0105czon\u0105 z rozwa\u017caniem. Jedna r\u00f3\u017ca liczy 20 os\u00f3b. W ten spos\u00f3b odmawiany [&hellip;]<\/p>\n","protected":false},"author":2,"featured_media":0,"parent":0,"menu_order":0,"comment_status":"closed","ping_status":"closed","template":"","meta":{"_expiration-date-status":"","_expiration-date":0,"_expiration-date-type":"","_expiration-date-categories":[],"_expiration-date-options":[],"footnotes":""},"class_list":["post-220","page","type-page","status-publish","hentry"],"_links":{"self":[{"href":"https:\/\/parafiacelestynow.pl\/index.php?rest_route=\/wp\/v2\/pages\/220","targetHints":{"allow":["GET"]}}],"collection":[{"href":"https:\/\/parafiacelestynow.pl\/index.php?rest_route=\/wp\/v2\/pages"}],"about":[{"href":"https:\/\/parafiacelestynow.pl\/index.php?rest_route=\/wp\/v2\/types\/page"}],"author":[{"embeddable":true,"href":"https:\/\/parafiacelestynow.pl\/index.php?rest_route=\/wp\/v2\/users\/2"}],"replies":[{"embeddable":true,"href":"https:\/\/parafiacelestynow.pl\/index.php?rest_route=%2Fwp%2Fv2%2Fcomments&post=220"}],"version-history":[{"count":5,"href":"https:\/\/parafiacelestynow.pl\/index.php?rest_route=\/wp\/v2\/pages\/220\/revisions"}],"predecessor-version":[{"id":959,"href":"https:\/\/parafiacelestynow.pl\/index.php?rest_route=\/wp\/v2\/pages\/220\/revisions\/959"}],"wp:attachment":[{"href":"https:\/\/parafiacelestynow.pl\/index.php?rest_route=%2Fwp%2Fv2%2Fmedia&parent=220"}],"curies":[{"name":"wp","href":"https:\/\/api.w.org\/{rel}","templated":true}]}}