{"id":230,"date":"2021-12-03T22:53:45","date_gmt":"2021-12-03T21:53:45","guid":{"rendered":"http:\/\/parafiacelestynow.pl\/www\/?page_id=230"},"modified":"2022-02-23T15:39:03","modified_gmt":"2022-02-23T14:39:03","slug":"oaza","status":"publish","type":"page","link":"https:\/\/parafiacelestynow.pl\/?page_id=230","title":{"rendered":"Oaza"},"content":{"rendered":"<h2 style=\"text-align:center;\">Wsp\u00f3lnota m\u0142odzie\u017cowa Ruchu \u015awiat\u0142o-\u017bycie<\/h2>\n<p style=\"text-align:justify;\">Wsp\u00f3lnota m\u0142odzie\u017cowa Ruchu \u015awiat\u0142o-\u017bycie w Celestynowie dzia\u0142a w naszej parafii od 1974 roku. Od tego czasu jeste\u015bmy ju\u017c kolejnym pokoleniem m\u0142odzie\u017cy, kt\u00f3ra ma mo\u017cliwo\u015b\u0107 d\u0105\u017cenia do dojrza\u0142o\u015bci chrze\u015bcija\u0144skiej jako jedna z ga\u0142\u0119zi Ruchu za\u0142o\u017conego przez ks. Franciszka Blachnickiego.<\/p>\n<p style=\"text-align:justify;\">W ramach naszej dzia\u0142alno\u015bci staramy si\u0119 d\u0105\u017cy\u0107 do w pe\u0142ni \u015bwiadomego prze\u017cywania Wiary uczestnicz\u0105c w spotkaniach formacyjnych, udoskonala\u0107 nasz\u0105 relacj\u0119 z Bogiem przez wsp\u00f3ln\u0105 modlitw\u0119, pog\u0142\u0119bia\u0107 nasz\u0105 wiedz\u0119 o \u017cyciu\u00a0 Ko\u015bcio\u0142a na spotkaniach tematycznych, a tak\u017ce po prostu mi\u0142o sp\u0119dza\u0107 czas poprzez wsp\u00f3ln\u0105 integracj\u0119.<\/p>\n<p style=\"text-align:justify;\">Cz\u0142onkowie naszej wsp\u00f3lnoty bior\u0105 aktywny udzia\u0142 w \u017cyciu Ko\u015bcio\u0142a lokalnego poprzez podejmowanie pos\u0142ug zar\u00f3wno w trakcie najwa\u017cniejszych \u015bwi\u0105t i wydarze\u0144 w \u017cyciu\u00a0 Parafii jak r\u00f3wnie\u017c przez ca\u0142y rok liturgiczny.<\/p>\n<p style=\"text-align:justify;\"><strong>Nasze spotkania odbywaj\u0105 si\u0119 w ka\u017cdy pi\u0105tek. Zaczynamy Msz\u0105 \u015awi\u0119t\u0105 o godzinie 18:00, a nast\u0119pnie udajemy si\u0119 na drug\u0105 cz\u0119\u015b\u0107 spotkania do Oratorium \u015aw. Faustyny.<\/strong><\/p>\n<p style=\"text-align:justify;\">Na nasze spotkania zapraszamy m\u0142odzie\u017c w ka\u017cdym wieku zaczynaj\u0105c od klasy VI szko\u0142y podstawowej.<\/p>\n<p><strong>Opiekun<\/strong>: ks. Micha\u0142 W\u0142och<br \/>\n<strong>Odpowiedzialni<\/strong>: Alicja Lusawa i Pawe\u0142 Dziedzic<\/p>\n","protected":false},"excerpt":{"rendered":"<p>Wsp\u00f3lnota m\u0142odzie\u017cowa Ruchu \u015awiat\u0142o-\u017bycie Wsp\u00f3lnota m\u0142odzie\u017cowa Ruchu \u015awiat\u0142o-\u017bycie w Celestynowie dzia\u0142a w naszej parafii od 1974 roku. Od tego czasu jeste\u015bmy ju\u017c kolejnym pokoleniem m\u0142odzie\u017cy, kt\u00f3ra ma mo\u017cliwo\u015b\u0107 d\u0105\u017cenia do dojrza\u0142o\u015bci chrze\u015bcija\u0144skiej jako jedna z ga\u0142\u0119zi Ruchu za\u0142o\u017conego przez ks. Franciszka Blachnickiego. W ramach naszej dzia\u0142alno\u015bci staramy si\u0119 d\u0105\u017cy\u0107 do w pe\u0142ni \u015bwiadomego prze\u017cywania Wiary [&hellip;]<\/p>\n","protected":false},"author":2,"featured_media":0,"parent":0,"menu_order":0,"comment_status":"closed","ping_status":"closed","template":"","meta":{"_expiration-date-status":"","_expiration-date":0,"_expiration-date-type":"","_expiration-date-categories":[],"_expiration-date-options":[],"footnotes":""},"class_list":["post-230","page","type-page","status-publish","hentry"],"_links":{"self":[{"href":"https:\/\/parafiacelestynow.pl\/index.php?rest_route=\/wp\/v2\/pages\/230","targetHints":{"allow":["GET"]}}],"collection":[{"href":"https:\/\/parafiacelestynow.pl\/index.php?rest_route=\/wp\/v2\/pages"}],"about":[{"href":"https:\/\/parafiacelestynow.pl\/index.php?rest_route=\/wp\/v2\/types\/page"}],"author":[{"embeddable":true,"href":"https:\/\/parafiacelestynow.pl\/index.php?rest_route=\/wp\/v2\/users\/2"}],"replies":[{"embeddable":true,"href":"https:\/\/parafiacelestynow.pl\/index.php?rest_route=%2Fwp%2Fv2%2Fcomments&post=230"}],"version-history":[{"count":7,"href":"https:\/\/parafiacelestynow.pl\/index.php?rest_route=\/wp\/v2\/pages\/230\/revisions"}],"predecessor-version":[{"id":655,"href":"https:\/\/parafiacelestynow.pl\/index.php?rest_route=\/wp\/v2\/pages\/230\/revisions\/655"}],"wp:attachment":[{"href":"https:\/\/parafiacelestynow.pl\/index.php?rest_route=%2Fwp%2Fv2%2Fmedia&parent=230"}],"curies":[{"name":"wp","href":"https:\/\/api.w.org\/{rel}","templated":true}]}}

<h2 style="text-align:center;">Wspólnota młodzieżowa Ruchu Światło-Życie</h2>
<p style="text-align:justify;">Wspólnota młodzieżowa Ruchu Światło-Życie w Celestynowie działa w naszej parafii od 1974 roku. Od tego czasu jesteśmy już kolejnym pokoleniem młodzieży, która ma możliwość dążenia do dojrzałości chrześcijańskiej jako jedna z gałęzi Ruchu założonego przez ks. Franciszka Blachnickiego.</p>
<p style="text-align:justify;">W ramach naszej działalności staramy się dążyć do w pełni świadomego przeżywania Wiary uczestnicząc w spotkaniach formacyjnych, udoskonalać naszą relację z Bogiem przez wspólną modlitwę, pogłębiać naszą wiedzę o życiu  Kościoła na spotkaniach tematycznych, a także po prostu miło spędzać czas poprzez wspólną integrację.</p>
<p style="text-align:justify;">Członkowie naszej wspólnoty biorą aktywny udział w życiu Kościoła lokalnego poprzez podejmowanie posług zarówno w trakcie najważniejszych świąt i wydarzeń w życiu  Parafii jak również przez cały rok liturgiczny.</p>
<p style="text-align:justify;"><strong>Nasze spotkania odbywają się w każdy piątek. Zaczynamy Mszą Świętą o godzinie 18:00, a następnie udajemy się na drugą część spotkania do Oratorium Św. Faustyny.</strong></p>
<p style="text-align:justify;">Na nasze spotkania zapraszamy młodzież w każdym wieku zaczynając od klasy VI szkoły podstawowej.</p>
<p><strong>Opiekun</strong>: ks. Michał Włoch<br />
<strong>Odpowiedzialni</strong>: Alicja Lusawa i Paweł Dziedzic</p>

<p>Wspólnota młodzieżowa Ruchu Światło-Życie Wspólnota młodzieżowa Ruchu Światło-Życie w Celestynowie działa w naszej parafii od 1974 roku. Od tego czasu jesteśmy już kolejnym pokoleniem młodzieży, która ma możliwość dążenia do dojrzałości chrześcijańskiej jako jedna z gałęzi Ruchu założonego przez ks. Franciszka Blachnickiego. W ramach naszej działalności staramy się dążyć do w pełni świadomego przeżywania Wiary [&hellip;]</p>
