{"id":311,"date":"2021-12-10T18:49:32","date_gmt":"2021-12-10T17:49:32","guid":{"rendered":"http:\/\/parafiacelestynow.pl\/www\/?page_id=311"},"modified":"2022-02-23T17:23:22","modified_gmt":"2022-02-23T16:23:22","slug":"ruch-maryjny","status":"publish","type":"page","link":"https:\/\/parafiacelestynow.pl\/?page_id=311","title":{"rendered":"Ruch Maryjny"},"content":{"rendered":"<h2 style=\"text-align: center;\"><span style=\"color: #000000;\">Ruch Maryjny<\/span><\/h2>\n<p style=\"text-align: justify;\"><span style=\"color: #000000;\">Ruch Maryjny to modlitewny ruch skupiaj\u0105cy osoby zakonne i \u015bwieckie podejmuj\u0105ce modlitw\u0119 za kap\u0142an\u00f3w. W naszej parafii ten szczeg\u00f3lny wieczernik modlitewny przypada na pierwszy czwartek miesi\u0105ca i ma nast\u0119puj\u0105cy przebieg:<\/span><\/p>\n<ul>\n<li><span style=\"color: #000000;\">rozpoczyna si\u0119 Msz\u0105 \u015bw. o godz. 18:00 w intencji powo\u0142anych i o nowe powo\u0142ania do pracy w Winnicy Pa\u0144skiej<\/span><\/li>\n<li><span style=\"color: #000000;\">Adoracja Naj\u015bwi\u0119tszego Sakramentu po\u0142\u0105czona z modlitw\u0105 r\u00f3\u017ca\u0144cow\u0105 (dwie cz\u0119\u015bci r\u00f3\u017ca\u0144ca) i zako\u0144czona Apelem Jasnog\u00f3rskim<\/span><\/li>\n<li><span style=\"color: #000000;\">od godz. 21:00 do 6:00 osobista modlitwa w domach podczas jednej godziny, na kt\u00f3r\u0105 zapisujemy si\u0119 u kap\u0142an\u00f3w<\/span><\/li>\n<\/ul>\n<p style=\"text-align: justify;\"><span style=\"color: #000000;\">Ruch Maryjny, kt\u00f3ry obejmuje ca\u0142y \u015bwiat powsta\u0142 z inicjatywy w\u0142oskiego kap\u0142ana ks. Stefano Gobiego. Uczestniczy\u0142 on 8 maja 1972 roku w pielgrzymce do Fatimy. Modli\u0142 si\u0119 w ma\u0142ej kaplicy objawie\u0144 za kilku kap\u0142an\u00f3w, kt\u00f3rzy zdradzili swoje powo\u0142anie i usi\u0142owali \u0142\u0105czy\u0107 si\u0119 w stowarzyszenia buntuj\u0105ce si\u0119 przeciw autorytetowi Ko\u015bcio\u0142a. Wewn\u0119trzna si\u0142a popycha\u0142a go do zaufania mi\u0142o\u015bci Maryi. Matka Bo\u017ca &#8211; pos\u0142uguj\u0105c si\u0119 nim jako pokornym i ubogim narz\u0119dziem &#8211; zgromadzi\u0107 mia\u0142a wszystkich kap\u0142an\u00f3w, kt\u00f3rzy przyjm\u0105 zaproszenie do po\u015bwi\u0119cenia si\u0119 Jej Niepokalanemu Sercu, do trwania w g\u0142\u0119bokiej jedno\u015bci z Papie\u017cem i Ko\u015bcio\u0142em z nim zjednoczonym, do prowadzenia wiernych do bezpiecznego schronienia si\u0119 w Jej matczynym Sercu. Kap\u0142ani, kt\u00f3rzy odpowiedzieli na to zaproszenie tworz\u0105 Kap\u0142a\u0144ski Ruch Maryjny. Ruch ten, dosy\u0107 szybko poszerzy\u0142 si\u0119 o uczestnictwo wiernych \u015bwieckich i osoby zakonne, kt\u00f3re tworz\u0105 Ruch Maryjny.<\/span><\/p>\n<p><span style=\"color: #000000;\"><strong>Osoby zakonne i \u015bwieckie przynale\u017c\u0105 duchowo do tego Ruchu, o ile przyjmuj\u0105 nast\u0119puj\u0105ce zobowi\u0105zania:<\/strong><\/span><\/p>\n<ul>\n<li><span style=\"color: #000000;\">\u017cy\u0107 po\u015bwi\u0119ceniem si\u0119 Niepokalanemu Sercu Maryi;<\/span><\/li>\n<li><span style=\"color: #000000;\">trwa\u0107 w wierno\u015bci przyrzeczeniom chrzcielnym;<\/span><\/li>\n<li><span style=\"color: #000000;\">stale podejmowa\u0107 wysi\u0142ek modlitwy i nawr\u00f3cenia;<\/span><\/li>\n<li><span style=\"color: #000000;\">budowa\u0107 radosn\u0105 jedno\u015b\u0107 z kap\u0142anami i biskupami;<\/span><\/li>\n<\/ul>\n<p style=\"text-align: justify;\"><span style=\"color: #000000;\">Osoby te nie s\u0105 zwi\u0105zane \u017cadnymi wi\u0119zami prawnymi i mog\u0105 dzia\u0142a\u0107 w spos\u00f3b wolny w r\u00f3\u017cnych stowarzyszeniach ko\u015bcielnych, do kt\u00f3rych ju\u017c nale\u017c\u0105.<\/span><\/p>\n","protected":false},"excerpt":{"rendered":"<p>Ruch Maryjny Ruch Maryjny to modlitewny ruch skupiaj\u0105cy osoby zakonne i \u015bwieckie podejmuj\u0105ce modlitw\u0119 za kap\u0142an\u00f3w. W naszej parafii ten szczeg\u00f3lny wieczernik modlitewny przypada na pierwszy czwartek miesi\u0105ca i ma nast\u0119puj\u0105cy przebieg: rozpoczyna si\u0119 Msz\u0105 \u015bw. o godz. 18:00 w intencji powo\u0142anych i o nowe powo\u0142ania do pracy w Winnicy Pa\u0144skiej Adoracja Naj\u015bwi\u0119tszego Sakramentu po\u0142\u0105czona [&hellip;]<\/p>\n","protected":false},"author":2,"featured_media":0,"parent":0,"menu_order":0,"comment_status":"closed","ping_status":"closed","template":"","meta":{"_expiration-date-status":"","_expiration-date":0,"_expiration-date-type":"","_expiration-date-categories":[],"_expiration-date-options":[],"footnotes":""},"class_list":["post-311","page","type-page","status-publish","hentry"],"_links":{"self":[{"href":"https:\/\/parafiacelestynow.pl\/index.php?rest_route=\/wp\/v2\/pages\/311","targetHints":{"allow":["GET"]}}],"collection":[{"href":"https:\/\/parafiacelestynow.pl\/index.php?rest_route=\/wp\/v2\/pages"}],"about":[{"href":"https:\/\/parafiacelestynow.pl\/index.php?rest_route=\/wp\/v2\/types\/page"}],"author":[{"embeddable":true,"href":"https:\/\/parafiacelestynow.pl\/index.php?rest_route=\/wp\/v2\/users\/2"}],"replies":[{"embeddable":true,"href":"https:\/\/parafiacelestynow.pl\/index.php?rest_route=%2Fwp%2Fv2%2Fcomments&post=311"}],"version-history":[{"count":5,"href":"https:\/\/parafiacelestynow.pl\/index.php?rest_route=\/wp\/v2\/pages\/311\/revisions"}],"predecessor-version":[{"id":676,"href":"https:\/\/parafiacelestynow.pl\/index.php?rest_route=\/wp\/v2\/pages\/311\/revisions\/676"}],"wp:attachment":[{"href":"https:\/\/parafiacelestynow.pl\/index.php?rest_route=%2Fwp%2Fv2%2Fmedia&parent=311"}],"curies":[{"name":"wp","href":"https:\/\/api.w.org\/{rel}","templated":true}]}}

<h2 style="text-align: center;"><span style="color: #000000;">Ruch Maryjny</span></h2>
<p style="text-align: justify;"><span style="color: #000000;">Ruch Maryjny to modlitewny ruch skupiający osoby zakonne i świeckie podejmujące modlitwę za kapłanów. W naszej parafii ten szczególny wieczernik modlitewny przypada na pierwszy czwartek miesiąca i ma następujący przebieg:</span></p>
<ul>
<li><span style="color: #000000;">rozpoczyna się Mszą św. o godz. 18:00 w intencji powołanych i o nowe powołania do pracy w Winnicy Pańskiej</span></li>
<li><span style="color: #000000;">Adoracja Najświętszego Sakramentu połączona z modlitwą różańcową (dwie części różańca) i zakończona Apelem Jasnogórskim</span></li>
<li><span style="color: #000000;">od godz. 21:00 do 6:00 osobista modlitwa w domach podczas jednej godziny, na którą zapisujemy się u kapłanów</span></li>
</ul>
<p style="text-align: justify;"><span style="color: #000000;">Ruch Maryjny, który obejmuje cały świat powstał z inicjatywy włoskiego kapłana ks. Stefano Gobiego. Uczestniczył on 8 maja 1972 roku w pielgrzymce do Fatimy. Modlił się w małej kaplicy objawień za kilku kapłanów, którzy zdradzili swoje powołanie i usiłowali łączyć się w stowarzyszenia buntujące się przeciw autorytetowi Kościoła. Wewnętrzna siła popychała go do zaufania miłości Maryi. Matka Boża &#8211; posługując się nim jako pokornym i ubogim narzędziem &#8211; zgromadzić miała wszystkich kapłanów, którzy przyjmą zaproszenie do poświęcenia się Jej Niepokalanemu Sercu, do trwania w głębokiej jedności z Papieżem i Kościołem z nim zjednoczonym, do prowadzenia wiernych do bezpiecznego schronienia się w Jej matczynym Sercu. Kapłani, którzy odpowiedzieli na to zaproszenie tworzą Kapłański Ruch Maryjny. Ruch ten, dosyć szybko poszerzył się o uczestnictwo wiernych świeckich i osoby zakonne, które tworzą Ruch Maryjny.</span></p>
<p><span style="color: #000000;"><strong>Osoby zakonne i świeckie przynależą duchowo do tego Ruchu, o ile przyjmują następujące zobowiązania:</strong></span></p>
<ul>
<li><span style="color: #000000;">żyć poświęceniem się Niepokalanemu Sercu Maryi;</span></li>
<li><span style="color: #000000;">trwać w wierności przyrzeczeniom chrzcielnym;</span></li>
<li><span style="color: #000000;">stale podejmować wysiłek modlitwy i nawrócenia;</span></li>
<li><span style="color: #000000;">budować radosną jedność z kapłanami i biskupami;</span></li>
</ul>
<p style="text-align: justify;"><span style="color: #000000;">Osoby te nie są związane żadnymi więzami prawnymi i mogą działać w sposób wolny w różnych stowarzyszeniach kościelnych, do których już należą.</span></p>

<p>Ruch Maryjny Ruch Maryjny to modlitewny ruch skupiający osoby zakonne i świeckie podejmujące modlitwę za kapłanów. W naszej parafii ten szczególny wieczernik modlitewny przypada na pierwszy czwartek miesiąca i ma następujący przebieg: rozpoczyna się Mszą św. o godz. 18:00 w intencji powołanych i o nowe powołania do pracy w Winnicy Pańskiej Adoracja Najświętszego Sakramentu połączona [&hellip;]</p>
