{"id":665,"date":"2022-02-23T16:13:35","date_gmt":"2022-02-23T15:13:35","guid":{"rendered":"http:\/\/parafiacelestynow.pl\/www\/?page_id=665"},"modified":"2022-02-23T16:13:35","modified_gmt":"2022-02-23T15:13:35","slug":"totus-tuus","status":"publish","type":"page","link":"https:\/\/parafiacelestynow.pl\/?page_id=665","title":{"rendered":"Totus Tuus"},"content":{"rendered":"<h2 style=\"text-align: center;\"><span style=\"color: #000000;\">Ko\u015bcielna S\u0142u\u017cba porz\u0105dkowa \u201eTotus Tuus\u201d<\/span><\/h2>\n<p style=\"text-align:justify\"><span style=\"color: #000000;\">Ko\u015bcielna S\u0142u\u017cba porz\u0105dkowa \u201eTotus Tuus\u201d w parafii Wniebowzi\u0119cia Naj\u015bwi\u0119tszej Maryi Panny w Celestynowie liczy 15-tu m\u0119\u017cczyzn w r\u00f3\u017cnym wieku. Przewodnicz\u0105cym jest\u00a0 W\u0142adys\u0142aw Nowak. Wszyscy cz\u0142onkowie s\u0105 wierz\u0105cymi i praktykuj\u0105cymi katolikami, ukierunkowani na dobro swojej wsp\u00f3lnoty parafialnej i ca\u0142ego Ko\u015bcio\u0142a Powszechnego.<\/span><\/p>\n<p style=\"text-align:justify\"><span style=\"color: #000000;\">Podczas roku liturgicznego czynnie anga\u017cujemy si\u0119 w pos\u0142ug\u0119 podczas r\u00f3\u017cnego rodzaju uroczysto\u015bci parafialnych z udzia\u0142em sztandaru. Pomagamy w s\u0142u\u017cbie porz\u0105dkowej dla bezpiecze\u0144stwa zgromadzonych os\u00f3b podczas uroczysto\u015bci parafialnych. Podejmujemy okre\u015blone funkcje w s\u0142u\u017cbie liturgicznej o\u0142tarza. Poza nasz\u0105 parafi\u0105 udzielamy si\u0119 w innych parafiach naszej diecezji. Przewa\u017cnie jest to udzia\u0142 z naszym sztandarem w uroczysto\u015bciach odpustowych i pomoc w s\u0142u\u017cbie porz\u0105dkowej podczas wi\u0119kszych zgromadze\u0144. <\/span><\/p>\n<p style=\"text-align:justify\"><span style=\"color: #000000;\">Opiek\u0119 nad nasz\u0105 wsp\u00f3lnot\u0105 pe\u0142ni ks. Miros\u0142aw Wasiak. Jeste\u015bmy r\u00f3wnie\u017c w sta\u0142ym kontakcie z ks. kan. Grzegorzem Kowalczykiem, kt\u00f3ry jest diecezjanym moderatorem Ko\u015bcielnej S\u0142u\u017cby Porz\u0105dkowej. <\/span><\/p>\n<p style=\"text-align:justify\"><span style=\"color: #000000;\"><strong>Nasze spotkania formacyjne odbywaj\u0105 si\u0119 w 3-ci\u0105 niedziel\u0119 miesi\u0105ca o godz. 19:00 w salce \u015bw. Faustyny.<\/strong> Prowadzone s\u0105 przez ksi\u0119dza Proboszcza. Podczas spotka\u0144 pochylamy si\u0119 nad wybranym fragmentem tekstu z Pisma \u015awi\u0119tego i wzajemnie ubogacamy si\u0119 poprzez dyskusj\u0119. Spotkanie ko\u0144czy wsp\u00f3lna modlitwa i b\u0142ogos\u0142awie\u0144stwo kap\u0142ana.<\/span><\/p>\n","protected":false},"excerpt":{"rendered":"<p>Ko\u015bcielna S\u0142u\u017cba porz\u0105dkowa \u201eTotus Tuus\u201d Ko\u015bcielna S\u0142u\u017cba porz\u0105dkowa \u201eTotus Tuus\u201d w parafii Wniebowzi\u0119cia Naj\u015bwi\u0119tszej Maryi Panny w Celestynowie liczy 15-tu m\u0119\u017cczyzn w r\u00f3\u017cnym wieku. Przewodnicz\u0105cym jest\u00a0 W\u0142adys\u0142aw Nowak. Wszyscy cz\u0142onkowie s\u0105 wierz\u0105cymi i praktykuj\u0105cymi katolikami, ukierunkowani na dobro swojej wsp\u00f3lnoty parafialnej i ca\u0142ego Ko\u015bcio\u0142a Powszechnego. Podczas roku liturgicznego czynnie anga\u017cujemy si\u0119 w pos\u0142ug\u0119 podczas r\u00f3\u017cnego [&hellip;]<\/p>\n","protected":false},"author":1,"featured_media":0,"parent":0,"menu_order":0,"comment_status":"closed","ping_status":"closed","template":"","meta":{"_expiration-date-status":"","_expiration-date":0,"_expiration-date-type":"","_expiration-date-categories":[],"_expiration-date-options":[],"footnotes":""},"class_list":["post-665","page","type-page","status-publish","hentry"],"_links":{"self":[{"href":"https:\/\/parafiacelestynow.pl\/index.php?rest_route=\/wp\/v2\/pages\/665","targetHints":{"allow":["GET"]}}],"collection":[{"href":"https:\/\/parafiacelestynow.pl\/index.php?rest_route=\/wp\/v2\/pages"}],"about":[{"href":"https:\/\/parafiacelestynow.pl\/index.php?rest_route=\/wp\/v2\/types\/page"}],"author":[{"embeddable":true,"href":"https:\/\/parafiacelestynow.pl\/index.php?rest_route=\/wp\/v2\/users\/1"}],"replies":[{"embeddable":true,"href":"https:\/\/parafiacelestynow.pl\/index.php?rest_route=%2Fwp%2Fv2%2Fcomments&post=665"}],"version-history":[{"count":1,"href":"https:\/\/parafiacelestynow.pl\/index.php?rest_route=\/wp\/v2\/pages\/665\/revisions"}],"predecessor-version":[{"id":666,"href":"https:\/\/parafiacelestynow.pl\/index.php?rest_route=\/wp\/v2\/pages\/665\/revisions\/666"}],"wp:attachment":[{"href":"https:\/\/parafiacelestynow.pl\/index.php?rest_route=%2Fwp%2Fv2%2Fmedia&parent=665"}],"curies":[{"name":"wp","href":"https:\/\/api.w.org\/{rel}","templated":true}]}}